881309 a composite number?
False
Is 3853980437 prime?
False
Is 2818282813 a composite number?
False
Is 6203802973 composite?
True
Is 744076583 composite?
False
Is 131342158009 composite?
False
Is 35568123691 composite?
False
Is 227860097 a composite number?
True
Is 118595034991 composite?
True
Is 463239955 a composite number?
True
Is 211993502927 a composite number?
True
Is 18655189183 prime?
True
Is 1065288101 a composite number?
True
Is 2856598753 a composite number?
True
Is 2315096467 composite?
False
Is 1786632943 a prime number?
False
Is 107736196163 composite?
True
Is 2847896057 composite?
True
Is 37180114 prime?
False
Is 580884079 composite?
False
Is 172399118783 prime?
True
Is 4683379 a prime number?
False
Is 11942708023 composite?
False
Is 32979366439 a prime number?
False
Is 3344064821 prime?
True
Is 75108043 a composite number?
False
Is 7968868093 prime?
True
Is 26415016159 composite?
True
Is 1661919043 composite?
True
Is 16240675859 prime?
False
Is 15787827611 composite?
False
Is 12054088913 a prime number?
True
Is 2055740513 composite?
False
Is 3818597407 composite?
False
Is 52335655217 prime?
True
Is 98184434 a prime number?
False
Is 81407341447 a composite number?
True
Is 2278931321 prime?
True
Is 7981289911 a composite number?
True
Is 3045511795 a composite number?
True
Is 44377585487 a composite number?
False
Is 546807467 prime?
True
Is 52572495005 a prime number?
False
Is 119232779 a composite number?
True
Is 155545254391 composite?
False
Is 11847472111 prime?
True
Is 27161963771 a composite number?
False
Is 992577407 prime?
True
Is 1037819729 prime?
False
Is 6843469877 a prime number?
True
Is 430798867 a composite number?
False
Is 20986426891 composite?
False
Is 2804721783 composite?
True
Is 455856773 prime?
True
Is 853008119 a prime number?
True
Is 2047854338 prime?
False
Is 513527051 composite?
False
Is 1695794323 composite?
True
Is 2639178917 a composite number?
True
Is 1855328023 a prime number?
False
Is 32893885487 a prime number?
False
Is 2795616829 composite?
False
Is 10986818567 prime?
True
Is 1113832633 a prime number?
True
Is 178056299 prime?
True
Is 10891913761 a prime number?
False
Is 1187540657 prime?
True
Is 5256839239 prime?
False
Is 624710927 composite?
True
Is 542443222 a prime number?
False
Is 259005979 prime?
False
Is 7998415939 a composite number?
True
Is 1429551037 a composite number?
True
Is 19156708667 prime?
True
Is 8961943015 a prime number?
False
Is 12844550627 a composite number?
False
Is 1356027731 a prime number?
True
Is 686290613 a composite number?
False
Is 135893213003 prime?
False
Is 524903417 a composite number?
True
Is 2742253859 prime?
True
Is 7008818519 prime?
False
Is 20969491589 composite?
True
Is 427217411 a prime number?
True
Is 31688681 prime?
True
Is 658139299 prime?
False
Is 1705943441 a prime number?
True
Is 7711826581 a composite number?
True
Is 11385525001 prime?
True
Is 1454259931 a prime number?
True
Is 637576807 a prime number?
False
Is 670986929 a prime number?
True
Is 2739444977 prime?
True
Is 4906481243 a composite number?
False
Is 14776330639 composite?
True
Is 21528415507 composite?
True
Is 1024345211 prime?
False
Is 25892124377 a composite number?
True
Is 4080449587 a composite number?
False
Is 11667006881 a prime number?
True
Is 100683088238 a composite number?
True
Is 3812331181 a composite number?
True
Is 6055317517 composite?
True
Is 142391089 prime?
False
Is 13139171 prime?
True
Is 19793579629 a prime number?
False
Is 98365376869 composite?
True
Is 76673699 composite?
False
Is 253176379 composite?
True
Is 2241556337 a composite number?
True
Is 1217397383 a prime number?
False
Is 96027975403 a prime number?
True
Is 4343033831 composite?
True
Is 218732197 a prime number?
False
Is 1999949603 prime?
True
Is 12203546947 composite?
False
Is 185370167099 prime?
False
Is 1029560173 a prime number?
False
Is 19185295057 a prime number?
False
Is 1677786629 prime?
True
Is 33126715 prime?
False
Is 882867317 a composite number?
True
Is 12135558611 prime?
False
Is 17984445733 a composite number?
False
Is 408846439 prime?
True
Is 4322972039 prime?
True
Is 20892633 a composite number?
True
Is 64027248499 a prime number?
False
Is 13009574507 a composite number?
False
Is 2054652118 a composite number?
True
Is 897925679 prime?
False
Is 307039883 composite?
True
Is 2054825429 a prime number?
True
Is 1534848523 composite?
True
Is 88146304007 a prime number?
True
Is 1069127381 prime?
False
Is 42111424219 a prime number?
False
Is 12207086653 a composite number?
True
Is 397633198 prime?
False
Is 6222711863 prime?
False
Is 32628429607 prime?
True
Is 69434903579 prime?
True
Is 5128716611 a prime number?
True
Is 479832277 composite?
False
Is 379252333 a prime number?
True
Is 2786205803 a composite number?
True
Is 46402873343 composite?
False
Is 23136018751 prime?
True
Is 5342899547 prime?
True
Is 9971140139 composite?
True
Is 8836710647 composite?
False
Is 19403857717 composite?
True
Is 8512474589 prime?
True
Is 855557977 composite?
False
Is 4233695917 a prime number?
False
Is 2320256423 prime?
True
Is 194171363 composite?
False
Is 2971578797 a prime number?
False
Is 7702553359 composite?
False
Is 5699662049 composite?
True
Is 199890614309 a prime number?
False
Is 3856730309 a prime number?
False
Is 375481973 prime?
True
Is 834397687 prime?
True
Is 300076037 prime?
True
Is 39641101651 prime?
True
Is 1648009481 composite?
False
Is 11889742789 a prime number?
True
Is 19126268533 a composite number?
False
Is 77121190487 composite?
True
Is 184229273 a composite number?
True
Is 5279948943 prime?
False
Is 1795238953 prime?
False
Is 345060571 a prime number?
True
Is 13044193499 a prime number?
False
Is 17462190311 composite?
False
Is 2288217241 a composite number?
True
Is 2289282005 a composite number?
True
Is 2286250243 prime?
False
Is 3231936289 composite?
True
Is 72794895449 composite?
True
Is 28388522431 composite?
True
Is 1355584253 a prime number?
True
Is 41143942813 a composite number?
False
Is 28078439 a prime number?
True
Is 3690549329 a prime number?
False
Is 85632499 a composite number?
True
Is 822089339 composite?
False
Is 56220409883 a prime number?
False
Is 5589877409 a prime number?
True
Is 3137028707 a prime number?
False
Is 2477962189 a prime number?
True
Is 18421949317 composite?
True
Is 3710592649 a composite number?
True
Is 109359167 a composite number?
True
Is 1824511219 a prime number?
False
Is 782620985 a prime number?
False
Is 2625834529 composite?
True
Is 31424823587 prime?
False
Is 417683281 a prime number?
False
Is 168193999 prime?
True
Is 97125107 composite?
False
Is 2745802361 a composite number?
True
Is 2047650061 a composite number?
True
Is 650592949 prime?
True
Is 647277713 prime?
False
Is 5421522937 a prime number?
False
Is 2027815093 a prime number?
True
Is 478486559 composite?
True
Is 44567441 prime?
True
Is 445566619 a composite number?
True
Is 13770829607 composite?
False
Is 56331988523 prime?
True
Is 544157417 prime?
True
Is 353599957 prime?
True
Is 5313077089 composite?
True
Is 3274711241 a composite number?
True
Is 23419824391 a prime number?
True
Is 15420876782 a prime number?
False
Is 429993013 a prime number?
False
Is 3803567213 a prime number?
False
Is 399968749 composite?
False
Is 1008322997 composite?
True
Is 3203662207 prime?
False
Is 69658987681 a prime number?
True
Is 26368009401 a composite number?
True
Is 1982481773 a prime number?
True
Is 2220699259 composite?
False
Is 140369432779 a prime number?
True
Is 1994290133 composite?
True
Is 292832861 composite?
True
Is 4038258907 prime?
False
Is 113855701523 a prime number?
False
Is 82737829 composite?
True
Is 617187475691 composite?
False
Is 1764302251 a prime number?
False
Is 39204745 a prime number?
False
Is 583044947 prime?
True
Is 41963557 a composite number?
True
Is 5445426529 a composite number?
False
Is 1462244981 a prime number?
False
Is 27451630273 composite?
False
Is 376620143 prime?
False
Is 132317370989 composite?
False
Is 48252977819 a composite number?
True
Is 6297912979 a prime number?
False
Is 1903574357 a composite number?
True
Is 408866083 prime?
False
Is 4793534777 composite?
False
Is 1237562143 prime?
False
Is 1101374587 prime?
True
Is 20206465561 a prime number?
True
Is 1474952